{"id":16479,"date":"2021-04-22T16:46:28","date_gmt":"2021-04-22T19:46:28","guid":{"rendered":"https:\/\/sds.unb.br\/?post_type=tnc_col_671_item&#038;p=16479"},"modified":"2021-04-22T16:58:54","modified_gmt":"2021-04-22T19:58:54","slug":"situation-report-brasil-20-04-2021","status":"publish","type":"tnc_col_671_item","link":"https:\/\/sds.unb.br\/es\/relatorios-de-situacao\/situation-report-brasil-20-04-2021\/","title":{"rendered":"Situation Report Brasil (20\/04\/2021)"},"content":{"rendered":"<p>Atualiza\u00e7\u00e3o da situa\u00e7\u00e3o do COVID-19 no Brasil<\/p>","protected":false},"featured_media":16225,"parent":0,"menu_order":0,"comment_status":"closed","ping_status":"closed","template":"","format":"standard","tnc_tax_1420":[114,18,113],"class_list":{"0":"post-16479","1":"tnc_col_671_item","2":"type-tnc_col_671_item","3":"status-publish","4":"format-standard","5":"has-post-thumbnail","7":"tnc_tax_1420-alessandro-igor","8":"tnc_tax_1420-cecilia-balbino","9":"tnc_tax_1420-vinicius-lacerda","10":"tnc_tax_1373-casos-confirmados-notificados","11":"tnc_tax_1373-covid-19","12":"tnc_tax_1356-comite-gestor-do-plano-de-contingencia-da-covid-19","13":"tnc_tax_1348-distrito-federal","14":"tnc_tax_1344-brasil"},"_links":{"self":[{"href":"https:\/\/sds.unb.br\/es\/wp-json\/wp\/v2\/tnc_col_671_item\/16479","targetHints":{"allow":["GET"]}}],"collection":[{"href":"https:\/\/sds.unb.br\/es\/wp-json\/wp\/v2\/tnc_col_671_item"}],"about":[{"href":"https:\/\/sds.unb.br\/es\/wp-json\/wp\/v2\/types\/tnc_col_671_item"}],"replies":[{"embeddable":true,"href":"https:\/\/sds.unb.br\/es\/wp-json\/wp\/v2\/comments?post=16479"}],"version-history":[{"count":1,"href":"https:\/\/sds.unb.br\/es\/wp-json\/wp\/v2\/tnc_col_671_item\/16479\/revisions"}],"predecessor-version":[{"id":16508,"href":"https:\/\/sds.unb.br\/es\/wp-json\/wp\/v2\/tnc_col_671_item\/16479\/revisions\/16508"}],"wp:featuredmedia":[{"embeddable":true,"href":"https:\/\/sds.unb.br\/es\/wp-json\/wp\/v2\/media\/16225"}],"wp:attachment":[{"href":"https:\/\/sds.unb.br\/es\/wp-json\/wp\/v2\/media?parent=16479"}],"wp:term":[{"taxonomy":"tnc_tax_1420","embeddable":true,"href":"https:\/\/sds.unb.br\/es\/wp-json\/wp\/v2\/tnc_tax_1420?post=16479"}],"curies":[{"name":"wp","href":"https:\/\/api.w.org\/{rel}","templated":true}]}}

<p>Atualização da situação do COVID-19 no Brasil</p>
