{"id":25059,"date":"2022-02-07T13:52:05","date_gmt":"2022-02-07T16:52:05","guid":{"rendered":"https:\/\/sds.unb.br\/?post_type=tnc_col_18688_item&#038;p=25059"},"modified":"2022-02-07T13:55:13","modified_gmt":"2022-02-07T16:55:13","slug":"nota-de-esclarecimento-sobre-a-importancia-da-vacinacao-contra-a-covid-19","status":"publish","type":"tnc_col_18688_item","link":"https:\/\/sds.unb.br\/es\/notas-informativas\/nota-de-esclarecimento-sobre-a-importancia-da-vacinacao-contra-a-covid-19\/","title":{"rendered":"NOTA DE ESCLARECIMENTO SOBRE A IMPORT\u00c2NCIA DA VACINA\u00c7\u00c3O CONTRA A COVID-19"},"content":{"rendered":"<p>Nota p\u00fablica, assinada por Pesquisadores\/Professores da Universidade de Bras\u00edlia, discutindo a import\u00e2ncia da vacina\u00e7\u00e3o contra a COVID-19, inclusive para crian\u00e7as.<\/p>","protected":false},"featured_media":0,"parent":0,"menu_order":0,"comment_status":"closed","ping_status":"closed","template":"","format":"standard","tnc_tax_1420":[],"class_list":["post-25059","tnc_col_18688_item","type-tnc_col_18688_item","status-publish","format-standard"],"_links":{"self":[{"href":"https:\/\/sds.unb.br\/es\/wp-json\/wp\/v2\/tnc_col_18688_item\/25059","targetHints":{"allow":["GET"]}}],"collection":[{"href":"https:\/\/sds.unb.br\/es\/wp-json\/wp\/v2\/tnc_col_18688_item"}],"about":[{"href":"https:\/\/sds.unb.br\/es\/wp-json\/wp\/v2\/types\/tnc_col_18688_item"}],"replies":[{"embeddable":true,"href":"https:\/\/sds.unb.br\/es\/wp-json\/wp\/v2\/comments?post=25059"}],"version-history":[{"count":1,"href":"https:\/\/sds.unb.br\/es\/wp-json\/wp\/v2\/tnc_col_18688_item\/25059\/revisions"}],"predecessor-version":[{"id":25087,"href":"https:\/\/sds.unb.br\/es\/wp-json\/wp\/v2\/tnc_col_18688_item\/25059\/revisions\/25087"}],"wp:attachment":[{"href":"https:\/\/sds.unb.br\/es\/wp-json\/wp\/v2\/media?parent=25059"}],"wp:term":[{"taxonomy":"tnc_tax_1420","embeddable":true,"href":"https:\/\/sds.unb.br\/es\/wp-json\/wp\/v2\/tnc_tax_1420?post=25059"}],"curies":[{"name":"wp","href":"https:\/\/api.w.org\/{rel}","templated":true}]}}

NOTA DE ESCLARECIMENTO SOBRE A IMPORTÂNCIA DA VACINAÇÃO CONTRA A COVID-19

<p>Nota pública, assinada por Pesquisadores/Professores da Universidade de Brasília, discutindo a importância da vacinação contra a COVID-19, inclusive para crianças.</p>
